1030644 (base 9) to base 10.
551650
What is d5dc8 (base 14) in base 12?
20a638
-110204202 (base 5) to base 7
-4020310
-1617744 (base 9) to base 14
-195394
20665 (base 13) to base 2
1110001101101011
-213244231 (base 5) to base 13
-260972
7c121 (base 14) to base 11
196a45
-190384 (base 10) to base 9
-320137
Convert -135010402 (base 6) to base 2.
-1010100000011001100010
-202a1 (base 14) to base 11
-53142
14e5e (base 15) to base 11
46680
Convert 44315a5 (base 11) to base 6.
434401542
-4279966 (base 11) to base 10
-7523973
Convert 13aec (base 15) to base 16.
f6f6
Convert -12050523 (base 7) to base 5.
-233233413
a7195 (base 11) to base 9
256830
-225286 (base 10) to base 8
-670006
a80836 (base 11) to base 2
110100110000010000101
6034818 (base 10) to base 4
113001112002
What is -5708821 (base 9) in base 11?
-1811916
3436380 (base 11) to base 12
201a893
-2b5a2 (base 13) to base 9
-134756
What is 10100000112 (base 3) in base 6?
1223452
1304300121 (base 5) to base 16
30c7ef
-7a402 (base 12) to base 11
-101521
What is -4115223 (base 7) in base 6?
-14312030
-279b4 (base 16) to base 7
-1243653
Convert -39ca57 (base 13) to base 2.
-101010101100100001110
What is -110301110 (base 5) in base 13?
-13990a
Convert 2cd758 (base 14) to base 16.
180382
Convert 4097 (base 16) to base 6.
204315
What is -212b7 (base 15) in base 9?
-170331
50c59c (base 13) to base 9
3481074
What is -714c4a (base 14) in base 13?
-a3823c
1548317 (base 10) to base 16
17a01d
What is -169311 (base 16) in base 5?
-334320231
Convert -ee34e (base 15) to base 3.
-1102110001202
Convert 165405 (base 9) to base 16.
18ff5
What is 223110 (base 6) in base 11?
13172
What is -510002 (base 7) in base 11?
-59a40
What is 265152 (base 11) in base 6?
12533313
174b43 (base 16) to base 5
342322340
What is 103200021312 (base 4) in base 5?
2302044223
Convert add257 (base 14) to base 12.
1b923b9
Convert -1130325303 (base 6) to base 5.
-11212433411
What is -9432806 (base 10) in base 12?
-31aa972
What is -10233210 (base 4) in base 16?
-4be4
Convert -145d42 (base 15) to base 2.
-11101111101011101001
What is 1132220000 (base 4) in base 8?
1365000
Convert -14dc7b (base 16) to base 3.
-2120110101200
What is -337036 (base 9) in base 5?
-22430331
What is -40232 (base 8) in base 5?
-1012123
Convert 2026210 (base 8) to base 5.
114120223
What is -12121211021010 (base 3) in base 9?
-5554233
What is -351475 (base 8) in base 15?
-25693
What is 2463305 (base 7) in base 9?
534328
Convert -2107011 (base 10) to base 14.
-3cbc0b
-2553464 (base 7) to base 9
-556225
-12736463 (base 8) to base 3
-12101122002001
What is 52400114 (base 6) in base 9?
2772651
Convert 1b0b1 (base 16) to base 14.
2c521
What is 110001101101010010011 (base 2) in base 13?
4504ca
What is -23202132300 (base 4) in base 7?
-34465464
Convert 223130103 (base 4) to base 6.
3451443
68c190 (base 13) to base 2
1001011110001011010000
Convert -1a3a4c (base 16) to base 10.
-1718860
Convert 5101441 (base 6) to base 3.
110021012021
b5bbc (base 15) to base 5
121421102
61337 (base 14) to base 9
385733
What is 30472657 (base 8) in base 10?
6452655
Convert -570319 (base 13) to base 7.
-23324566
Convert -110550342 (base 7) to base 8.
-31377621
What is 50463012 (base 7) in base 2?
10000000001011111000011
-1024edc (base 16) to base 14
-23693ac
6c1313 (base 13) to base 15
35c675
What is 104004055 (base 6) in base 11?
106589a
3165447 (base 9) to base 3
10012012111121
What is -221554664 (base 7) in base 12?
-459a075
Convert -237991 (base 15) to base 13.
-4751c2
Convert 3227223 (base 9) to base 2.
110100110100100001101
What is -31941 (base 10) in base 11?
-21aa8
Convert -b5a77 (base 13) to base 2.
-1001111110100100000
Convert 22020211011 (base 4) to base 2.
1010001000100101000101
What is 10401757 (base 9) in base 15?
69285d
42b17 (base 12) to base 14
240dd
Convert 10110111011110101 (base 2) to base 7.
540611
What is -32521 (base 10) in base 15?
-9981
Convert 29db28 (base 14) to base 7.
15255251
What is 36010 (base 16) in base 4?
312000100
-102101221001120 (base 3) to base 8
-27075624
-355365 (base 7) to base 16
-fb4f
Convert 10300003 (base 4) to base 3.
222200201
What is 73744 (base 15) in base 16?
5963b
Convert 1bd2b (base 16) to base 7.
653153
Convert -1120222220201 (base 3) to base 2.
-11001110100111100011
500412 (base 7) to base 9
137500
-2ba414 (base 12) to base 16
-b58d0
What is 85325 (base 13) in base 5?
30140021
-45956 (base 13) to base 11
-87312
What is -100010010011101 (base 2) in base 10?
-17565
211112021010 (base 3) to base 6
13300520
What is 4332212 (base 7) in base 4?
2001021311
What is 7802c (base 13) in base 11?
139495
Convert -c8bd (base 15) to base 14.
-116a2
Convert 33154414 (base 6) to base 10.
995050
What is -1023010201 (base 4) in base 16?
-4b121
What is -2971348 (base 10) in base 3?
-12120221220221
Convert -1217203 (base 8) to base 14.
-8a399
Convert -b0ab4 (base 14) to base 2.
-1100111101011110110
Convert -563ca (base 14) to base 7.
-1531143
Convert cdbd (base 15) to base 3.
2012210221
What is -22343533 (base 6) in base 16?
-a6a31
Convert -1213431 (base 6) to base 16.
-fb3b
Convert -343824 (base 9) to base 10.
-206248
-2312133200 (base 5) to base 7
-62065503
What is -211100211 (base 3) in base 7?
-65350
Convert 202101110111 (base 3) to base 15.
7dd77
What is 2544711 (base 8) in base 7?
6003163
What is -41f82 (base 16) in base 13?
-95cb5
Convert 121411131 (base 5) to base 4.
2030210233
-273601 (base 9) to base 5
-20313244
Convert -2110013123 (base 4) to base 12.
-25310b
What is -120353 (base 9) in base 15?
-1670c
Convert -120120034 (base 5) to base 10.
-551269
What is -100212311130 (base 4) in base 13?
-b9567a
Convert -483ad9 (base 15) to base 4.
-31023201213
What is 1107c3 (base 13) in base 12?
174210
Convert -6381468 (base 11) to base 8.
-52660460
Convert -a52c (base 14) to base 5.
-1402320
What is -165705 (base 8) in base 2?
-1110101111000101
What is -21200220122202 (base 3) in base 13?
-b03918
1011111000001011111011 (base 2) to base 6
150423215
What is 305a20 (base 12) in base 11?
477499
What is 732801 (base 10) in base 5?
141422201
34340324 (base 5) to base 12
12a887
2c0cba (base 16) to base 5
1214334332
6320032 (base 8) to base 15
2328e1
Convert 12c55a (base 14) to base 6.
21522552
30113 (base 14) to base 11
79825
11000221202 (base 3) to base 8
233103
Convert -200330303 (base 4) to base 8.
-407463
Convert -120032 (base 6) to base 7.
-42200
What is -234087a (base 12) in base 8?
-31746336
What is 22402421 (base 5) in base 6?
4143333
Convert -4210024 (base 5) to base 7.
-406205
Convert 325046 (base 14) to base 5.
414012321
Convert -232120120 (base 4) to base 13.
-68617
Convert -28ba01 (base 13) to base 6.
-33211232
Convert -63a8257 (base 11) to base 5.
-10341114011
What is -29a764 (base 13) in base 9?
-1828102
-43022521 (base 7) to base 10
-3652867
What is 2353021 (base 9) in base 6?
43154544
Convert 123822 (base 11) to base 13.
6ab96
2212012001 (base 3) to base 11
39304
Convert -10011101110010011 (base 2) to base 8.
-235623
Convert 1204101 (base 5) to base 10.
22401
a6041 (base 14) to base 6
12331001
22152555 (base 6) to base 10
668087
2141370 (base 9) to base 13
31310a
Convert -14121311 (base 7) to base 3.
-2110212112212
112110 (base 3) to base 13
240
What is -7651a3 (base 11) in base 2?
-100101010010111001100
What is 226400 (base 9) in base 3?
20220110000
Convert 36831 (base 12) to base 2.
10010000000100101
What is 12943 (base 15) in base 4?
32201013
What is -544355 (base 14) in base 11?
-167a630
Convert 12012210110 (base 3) to base 14.
29595
What is 24744b (base 13) in base 3?
1122100110102
Convert -213413 (base 13) to base 11.
-491934
Convert 8a8b9 (base 15) to base 7.
3513624
-100125 (base 10) to base 5
-11201000
134025042 (base 6) to base 15
387d4b
Convert 1665126 (base 7) to base 2.
111001010010111001
What is -7487701 (base 9) in base 12?
-141720a
-213211002101 (base 4) to base 15
-d9e278
Convert 13213301 (base 4) to base 5.
1444332
What is -1100201101122 (base 3) in base 6?
-23253542
-95942 (base 11) to base 9
-232385
Convert 424530 (base 8) to base 12.
69b88
Convert -2c90c6 (base 14) to base 4.
-11331032212
-1691ca0 (base 15) to base 11
-9298133
222100332 (base 4) to base 5
21014433
-400134012 (base 5) to base 9
-2848810
What is 11101103 (base 4)